{"id":4991,"date":"2018-01-30T18:22:54","date_gmt":"2018-01-30T18:22:54","guid":{"rendered":"http:\/\/copiarte.es\/?page_id=4991"},"modified":"2024-02-07T17:41:40","modified_gmt":"2024-02-07T17:41:40","slug":"aviso-legal","status":"publish","type":"page","link":"https:\/\/copiarte.es\/?page_id=4991","title":{"rendered":"Aviso legal"},"content":{"rendered":"<div class=\"vc-parent-row row-default\"><div class=\"vc_row wpb_row vc_row-fluid\"><div class=\"wpb_column vc_column_container vc_col-sm-12\"><div class=\"vc_column-inner \"><div class=\"wpb_wrapper\">\n\t<div class=\"wpb_text_column wpb_content_element  post-formatting \" >\n\t\t<div class=\"wpb_wrapper\">\n\t\t\t<div style=\"margin-top: 25px; text-align: justify;\">\n<h4>Aviso Legal<\/h4>\n<p>Este aviso legal establece las condiciones de uso de la web que www.copiarte.es, (en adelante, \u00ab<strong>Copiarte<\/strong>\u00ab), con domicilio en Calle Pirotenia s\/n, pone a disposici\u00f3n de los Usuarios. Los contenidos de la p\u00e1gina son propiedad de Copiarte o de terceros, sin que pueda entenderse cedido al Usuario derecho alguno de explotaci\u00f3n sobre \u00e9stos.<\/p>\n<p><strong>Copiarte<\/strong> se reserva el derecho a actualizar, modificar o eliminar la informaci\u00f3n contenida en sus p\u00e1ginas Web pudiendo incluso limitar o no permitir el acceso a ella.<\/p>\n<p>Queda prohibido cualquier uso ilegal o no autorizado de esta web o en perjuicio de <strong>Copiarte<\/strong> y, en concreto, la violaci\u00f3n de derechos de la propia imagen y de propiedad intelectual e industrial, el env\u00edo de correo publicitario no solicitado usando el contenido de esta web, y la introducci\u00f3n de virus o software que pueda da\u00f1ar o alterar el contenido de esta web.<\/p>\n<p>El Usuario es responsable de los datos de car\u00e1cter personal que comunique a trav\u00e9s de esta web y de su veracidad. A trav\u00e9s de este aviso el Usuario queda informado de que el acceso y uso del sitio web a trav\u00e9s de la solicitud de cita o realizaci\u00f3n de consulta no supone el inicio de relaci\u00f3n comercial alguna. Asimismo, las respuestas a consultas realizadas a trav\u00e9s de esta web son orientativas, por lo que no deben considerarse como un informe jur\u00eddico o similar ni sustituyen la consulta personalizada. <strong>Copiarte\u00bb<\/strong> no se hace responsable de las decisiones que el Usuario adopte como consecuencia de estas respuestas.<\/p>\n<p><strong>Copiarte <\/strong>no se responsabiliza de la eventual existencia de virus u otros elementos nocivos que pudieran producir alteraciones en alg\u00fan elemento del sistema inform\u00e1tico del usuario.<\/p>\n<p>Para cualquier tipo de controversia derivada de la utilizaci\u00f3n o del contenido propio de esta web, las partes se someter\u00e1n a los Juzgados y Tribunales de Sevilla.<\/p>\n<p>&nbsp;<\/p>\n<\/div>\n\n\t\t<\/div>\n\t<\/div>\n<\/div><\/div><\/div><\/div><\/div>\n","protected":false},"excerpt":{"rendered":"Aviso Legal Este aviso legal establece las condiciones de uso de la web que www.copiarte.es, (en adelante, \"Copiarte\"), con domicilio en Calle Pirotenia s\/n, pone a disposici\u00f3n de los Usuarios. Los contenidos de la p\u00e1gina son propiedad de Copiarte o de terceros, sin que pueda entenderse cedido al Usuario derecho alguno de explotaci\u00f3n sobre \u00e9stos.&hellip;","protected":false},"author":1,"featured_media":0,"parent":0,"menu_order":0,"comment_status":"closed","ping_status":"closed","template":"","meta":[],"acf":[],"_links":{"self":[{"href":"https:\/\/copiarte.es\/index.php?rest_route=\/wp\/v2\/pages\/4991"}],"collection":[{"href":"https:\/\/copiarte.es\/index.php?rest_route=\/wp\/v2\/pages"}],"about":[{"href":"https:\/\/copiarte.es\/index.php?rest_route=\/wp\/v2\/types\/page"}],"author":[{"embeddable":true,"href":"https:\/\/copiarte.es\/index.php?rest_route=\/wp\/v2\/users\/1"}],"replies":[{"embeddable":true,"href":"https:\/\/copiarte.es\/index.php?rest_route=%2Fwp%2Fv2%2Fcomments&post=4991"}],"version-history":[{"count":4,"href":"https:\/\/copiarte.es\/index.php?rest_route=\/wp\/v2\/pages\/4991\/revisions"}],"predecessor-version":[{"id":6546,"href":"https:\/\/copiarte.es\/index.php?rest_route=\/wp\/v2\/pages\/4991\/revisions\/6546"}],"wp:attachment":[{"href":"https:\/\/copiarte.es\/index.php?rest_route=%2Fwp%2Fv2%2Fmedia&parent=4991"}],"curies":[{"name":"wp","href":"https:\/\/api.w.org\/{rel}","templated":true}]}}