{"id":4999,"date":"2018-01-30T18:35:44","date_gmt":"2018-01-30T18:35:44","guid":{"rendered":"http:\/\/copiarte.es\/?page_id=4999"},"modified":"2018-01-30T18:38:29","modified_gmt":"2018-01-30T18:38:29","slug":"uso-de-cookies","status":"publish","type":"page","link":"https:\/\/copiarte.es\/?page_id=4999","title":{"rendered":"Uso de cookies"},"content":{"rendered":"<div style=\"margin-top: 25px; text-align: justify;\">\n<h4>Pol\u00edtica de privacidad<\/h4>\n<h4>Uso de cookies por parte Copiarte<\/h4>\n<p>Los sitios web y los servicios online de Copiarte pueden usar \u00abcookies\u00bb. Las cookies te permiten comprar mediante el carrito y personalizar los sitios, y a nosotros nos permiten saber qu\u00e9 p\u00e1ginas visitan los clientes. Nos ayudan a medir la eficacia de los anuncios y b\u00fasquedas, y nos dan informaci\u00f3n sobre el comportamiento de los usuarios, que utilizamos para mejorar nuestros productos y mensajes.<\/p>\n<p>Muchos de nuestros sitios utilizan cookies, por lo que es posible que no puedas acceder a determinadas secciones si las desactivas.<\/p>\n<p>Las cookies empleadas en nuestras p\u00e1ginas han sido catalogadas seg\u00fan las directrices de la gu\u00eda sobre cookies de la C\u00e1mara de Comercio Internacional (ICC) del Reino Unido. En nuestros sitios web y servicios online aplicamos las siguientes categor\u00edas:<\/p>\n<h4><\/h4>\n<h4>Categor\u00eda 1: cookies estrictamente necesarias<\/h4>\n<p>Estas cookies son imprescindibles para que puedas navegar por las p\u00e1ginas y usar sus prestaciones. Sin estas cookies, no podemos ofrecerte servicios como el carrito de la compra o el pago por Internet.<\/p>\n<h4><\/h4>\n<h4>Categor\u00eda 2: cookies sobre comportamiento<\/h4>\n<p>Estas cookies recogen informaci\u00f3n sobre c\u00f3mo utilizas nuestros sitios, por ejemplo las p\u00e1ginas que m\u00e1s visitas. Estos datos nos permiten optimizar los sitios y facilitar su navegaci\u00f3n. Estas cookies tambi\u00e9n permiten saber a nuestros afiliados si has llegado a nuestra web a trav\u00e9s de ellos y si tu visita termin\u00f3 en la compra o en el uso de alguno de nuestros productos y servicios, y los detalles de dicho producto o servicio. Estas cookies no contienen informaci\u00f3n que permita identificarte. Todos los datos recogidos en estas cookies se recopilan de manera an\u00f3nima.<\/p>\n<h4><\/h4>\n<h4>Categor\u00eda 3: cookies de funcionalidad<\/h4>\n<p>Estas cookies permiten que nuestros sitios recuerden las opciones que seleccionas cuando navegas. Por ejemplo, podemos almacenar tu ubicaci\u00f3n geogr\u00e1fica en una cookie para asegurarnos de que las p\u00e1ginas mostradas son las que est\u00e1n dirigidas a tu zona. Tambi\u00e9n pueden conservar preferencias como el tama\u00f1o del texto, las fuentes y dem\u00e1s elementos personalizables. Otro posible uso es registrar los productos destacados o v\u00eddeos que ya han aparecido y evitar las repeticiones. Los datos recogidos en estas cookies no te identifican personalmente y no permiten seguir tu actividad cuando navegas fuera de los sitios web de Copiarte.<\/p>\n<\/div>\n","protected":false},"excerpt":{"rendered":"<p>Pol\u00edtica de privacidad Uso de cookies por parte Copiarte Los sitios web y los servicios online de Copiarte pueden usar \u00abcookies\u00bb. Las cookies te permiten comprar mediante el carrito y personalizar los sitios, y a nosotros nos permiten saber qu\u00e9 p\u00e1ginas visitan los clientes. Nos ayudan a medir la eficacia de los anuncios y b\u00fasquedas,&hellip;<\/p>\n","protected":false},"author":1,"featured_media":0,"parent":0,"menu_order":0,"comment_status":"closed","ping_status":"closed","template":"","meta":[],"acf":[],"_links":{"self":[{"href":"https:\/\/copiarte.es\/index.php?rest_route=\/wp\/v2\/pages\/4999"}],"collection":[{"href":"https:\/\/copiarte.es\/index.php?rest_route=\/wp\/v2\/pages"}],"about":[{"href":"https:\/\/copiarte.es\/index.php?rest_route=\/wp\/v2\/types\/page"}],"author":[{"embeddable":true,"href":"https:\/\/copiarte.es\/index.php?rest_route=\/wp\/v2\/users\/1"}],"replies":[{"embeddable":true,"href":"https:\/\/copiarte.es\/index.php?rest_route=%2Fwp%2Fv2%2Fcomments&post=4999"}],"version-history":[{"count":4,"href":"https:\/\/copiarte.es\/index.php?rest_route=\/wp\/v2\/pages\/4999\/revisions"}],"predecessor-version":[{"id":5003,"href":"https:\/\/copiarte.es\/index.php?rest_route=\/wp\/v2\/pages\/4999\/revisions\/5003"}],"wp:attachment":[{"href":"https:\/\/copiarte.es\/index.php?rest_route=%2Fwp%2Fv2%2Fmedia&parent=4999"}],"curies":[{"name":"wp","href":"https:\/\/api.w.org\/{rel}","templated":true}]}}